4?
3
What is the units digit of 14353?
3
What is the units digit of 280?
0
What is the thousands digit of 8856?
8
What is the hundreds digit of 21564?
5
What is the tens digit of 4420?
2
What is the thousands digit of 150783?
0
What is the units digit of 1008?
8
What is the tens digit of 4500?
0
What is the tens digit of 58882?
8
What is the tens digit of 3446?
4
What is the thousands digit of 1307?
1
What is the units digit of 676?
6
What is the units digit of 16301?
1
What is the units digit of 443?
3
What is the units digit of 982?
2
What is the units digit of 1351?
1
What is the units digit of 3804?
4
What is the tens digit of 6384?
8
What is the hundreds digit of 978?
9
What is the hundreds digit of 308?
3
What is the tens digit of 14712?
1
What is the thousands digit of 3778?
3
What is the units digit of 4614?
4
What is the ten thousands digit of 34476?
3
What is the units digit of 1535?
5
What is the units digit of 69?
9
What is the units digit of 1037?
7
What is the tens digit of 6295?
9
What is the hundreds digit of 1280?
2
What is the thousands digit of 36920?
6
What is the tens digit of 487?
8
What is the thousands digit of 1187?
1
What is the hundreds digit of 4165?
1
What is the units digit of 1251?
1
What is the thousands digit of 5736?
5
What is the ten thousands digit of 59104?
5
What is the units digit of 9?
9
What is the thousands digit of 2829?
2
What is the units digit of 17830?
0
What is the hundreds digit of 8569?
5
What is the ten thousands digit of 13203?
1
What is the ten thousands digit of 82730?
8
What is the thousands digit of 14428?
4
What is the thousands digit of 26950?
6
What is the tens digit of 3245?
4
What is the tens digit of 8565?
6
What is the tens digit of 9128?
2
What is the tens digit of 40109?
0
What is the hundreds digit of 715?
7
What is the tens digit of 8139?
3
What is the ten thousands digit of 52038?
5
What is the hundreds digit of 295?
2
What is the units digit of 21914?
4
What is the units digit of 108896?
6
What is the tens digit of 171722?
2
What is the thousands digit of 32244?
2
What is the hundreds digit of 5134?
1
What is the units digit of 4763?
3
What is the tens digit of 2682?
8
What is the hundreds digit of 26307?
3
What is the units digit of 54?
4
What is the units digit of 56110?
0
What is the tens digit of 3559?
5
What is the tens digit of 7043?
4
What is the units digit of 2254?
4
What is the thousands digit of 28437?
8
What is the units digit of 39339?
9
What is the tens digit of 214?
1
What is the tens digit of 1175?
7
What is the hundreds digit of 17077?
0
What is the thousands digit of 2324?
2
What is the tens digit of 6712?
1
What is the units digit of 19158?
8
What is the ten thousands digit of 15053?
1
What is the hundreds digit of 4880?
8
What is the units digit of 7220?
0
What is the tens digit of 1013?
1
What is the tens digit of 2293?
9
What is the hundreds digit of 976?
9
What is the thousands digit of 8762?
8
What is the units digit of 10844?
4
What is the units digit of 3487?
7
What is the tens digit of 698?
9
What is the tens digit of 1377?
7
What is the tens digit of 1800?
0
What is the units digit of 31482?
2
What is the tens digit of 1090?
9
What is the hundreds digit of 520?
5
What is the units digit of 59217?
7
What is the units digit of 8309?
9
What is the units digit of 1539?
9
What is the ten thousands digit of 53630?
5
What is the hundreds digit of 3626?
6
What is the thousands digit of 8967?
8
What is the units digit of 45444?
4
What is the hundreds digit of 787?
7
What is the thousands digit of 9182?
9
What is the thousands digit of 1013?
1
What is the units digit of 899?
9
What is the tens digit of 9500?
0
What is the tens digit of 16199?
9
What is the thousands digit of 56588?
6
What is the tens digit of 146754?
5
What is the thousands digit of 1081?
1
What is the hundred thousands digit of 165115?
1
What is the hundreds digit of 829?
8
What is the hundreds digit of 2317?
3
What is the units digit of 129770?
0
What is the tens digit of 18?
1
What is the tens digit of 3320?
2
What is the ten thousands digit of 11391?
1
What is the tens digit of 82341?
4
What is the thousands digit of 8426?
8
What is the thousands digit of 3250?
3
What is the units digit of 798?
8
What is the tens digit of 43261?
6
What is the ten thousands digit of 25642?
2
What is the units digit of 5026?
6
What is the units digit of 148148?
8
What is the thousands digit of 8098?
8
What is the thousands digit of 1020?
1
What is the hundreds digit of 683?
6
What is the hundreds digit of 34736?
7
What is the thousands digit of 12902?
2
What is the hundreds digit of 1043?
0
What is the hundreds digit of 1058?
0
What is the thousands digit of 105376?
5
What is the tens digit of 40?
4
What is the units digit of 792?
2
What is the hundreds digit of 857?
8
What is the tens digit of 37733?
3
What is the thousands digit of 2935?
2
What is the thousands digit of 36225?
6
What is the thousands digit of 10830?
0
What is the hundreds digit of 8372?
3
What is the tens digit of 26190?
9
What is the units digit of 370?
0
What is the tens digit of 14216?
1
What is the hundreds digit of 3897?
8
What is the thousands digit of 1448?
1
What is the thousands digit of 19420?
9
What is the tens digit of 19420?
2
What is the hundreds digit of 8335?
3
What is the units digit of 1196?
6
What is the units digit of 4561?
1
What is the ten thousands digit of 28680?
2
What is the hundreds digit of 937?
9
What is the units digit of 564?
4
What is the thousands digit of 104231?
4
What is the tens digit of 507?
0
What is the ten thousands digit of 36259?
3
What is the units digit of 8553?
3
What is the thousands digit of 3299?
3
What is the tens digit of 19614?
1
What is the thousands digit of 1575?
1
What is the tens digit of 34250?
5
What is the thousands digit of 19363?
9
What is the thousands digit of 135351?
5
What is the hundreds digit of 1288?
2
What is the units digit of 87574?
4
What is the hundreds digit of 4967?
9
What is the thousands digit of 2150?
2
What is the units digit of 4649?
9
What is the ten thousands digit of 142572?
4
What is the tens digit of 1716?
1
What is the ten thousands digit of 37787?
3
What is the units digit of 7007?
7
What is the tens digit of 3853?
5
What is the hundreds digit of 1233?
2
What is the thousands digit of 4387?
4
What is the hundreds digit of 1195?
1
What is the tens digit of 610?
1
What is the units digit of 860?
0
What is the hundreds digit of 101817?
8
What is the ten thousands digit of 13281?
1
What is the units digit of 7467?
7
What is the tens digit of 287?
8
What is the units digit of 1556?
6
What is the thousands digit of 92707?
2
What is the tens digit of 535?
3
What is the hundreds digit of 16170?
1
What is the units digit of 787?
7
What is the tens digit of 896?
9
What is the hundreds digit of 8004?
0
What is the ten thousands digit of 22284?
2
What is the tens digit of 13842?
4
What is the hundreds digit of 908?
9
What is the hundreds digit of 334?
3
What is the units digit of 17950?
0
What is the tens digit of 72380?
8
What is the hundreds digit of 11125?
1
What is the tens digit of 63691?
9
What is the ten thousands digit of 82456?
8
What is the tens digit of 3594?
9
What is the tens digit of 13116?
1
What is the thousands digit of 22949?
2
What is the hundred thousands digit of 151256?
1
What is the tens digit of 1715?
1
What is the ten thousands digit of 20742?
2
What is the tens digit of 16861?
6
What is the hundreds digit of 95936?
9
What is the hundreds digit of 33448?
4
What is the hundreds digit of 926?
9
What is the ten thousands digit of 10873?
1
What is the hundred thousands digit of 142922?
1
What is the hundreds digit of 1253?
2
What is the hundreds digit of 6547?
5
What is the units digit of 1232?
2
What is the hundreds digit of 43029?
0
What is the hundreds digit of 268?
2
What is the tens digit of 4359?
5
What is the thousands digit of 1238?
1
What is the units digit of 1552?
2
What is the tens digit of 494?
9
What is the units digit of 2702?
2
What is the hundreds digit of 2003?
0
What is the tens digit of 2976?
7
What is the hundreds digit of 35468?
4
What is the units digit of 5394?
4
What is the tens digit of 6951?
5
What is the tens 